Determine j(f).
-2
Let d = 266 + -252. Let g(s) = -d*s + 3 - 13*s - 10*s + 38*s. Determine g(0).
3
Let b(t) = 7*t**2 - t. Let o be ((-75)/9)/((-1)/3). Suppose o*q - 6*q = 19. Calculate b(q).
6
Let f = 2 - -5. Suppose -5*b = -f*b + 102. Let n = b + -58. Let j(m) = -m**3 - 6*m**2 + 5*m + 4. Calculate j(n).
18
Suppose -y - 5*f = y + 13, -4*y + 2*f + 10 = 0. Let h be -3 + (-3 - y) - -6. Let t(o) = o**2 + 3*o + 1. Determine t(h).
-1
Suppose p - 2*p - 2 = 0. Let j = 1 - p. Let r(n) = -j*n - 17 - n + 7 + 2*n. Calculate r(-7).
4
Let x(w) be the first derivative of -93 + 5*w + 114*w**2 - 15*w - 111*w**2. Calculate x(4).
14
Let r(o) = 2105*o - 4172*o - 54 + 2084*o - o**2. Give r(12).
6
Let i(k) be the first derivative of k**3/3 - 16. Let v = 249 - 246. Let p(y) = y**3 + 7*y**2 - y + 2. Let r(l) = v*i(l) - p(l). Calculate r(-4).
-6
Suppose 14*g = 12*g. Let z(v) be the third derivative of -1/6*v**3 + 0 - 1/8*v**4 + g*v - 1/60*v**5 + 14*v**2. What is z(-2)?
1
Let f(o) be the first derivative of -o**3/3 + 25*o**2/2 - 12*o + 4418. Give f(24).
12
Let y(x) be the first derivative of x**4/4 - 8*x**3/3 + 3*x**2/2 + 3112. Calculate y(8).
24
Let b(t) = -5*t**3 + 3*t**2 + t. Let q(x) = -21*x**3 + 19*x**2 + x - 2. Let p(z) = 4*b(z) - q(z). What is p(4)?
-34
Suppose 0 = 629*c + 1480 + 3012 - 1347. Let m(p) = 5*p + 3*p**3 + 3 - 5*p**2 - 3*p - 4*p**3. What is m(c)?
-7
Let j(u) = -531*u + 269*u - 10 + u**2 + 268*u. Let h be j(-7). Let l(v) = -v**2 + 2*v - 4. Calculate l(h).
-19
Let k(j) be the second derivative of -j**3/3 - 3*j**2 + 982*j. Suppose -2*p - 3*p + 60 = 0. Suppose -2*o = -4*m - p, 6 + 4 = -5*o + 2*m. Calculate k(o).
2
Let l(m) = 1 - m + 2*m**2 - 18*m - 11*m + 5*m + 10*m**2. Let n(j) = 19*j**2 - 38*j + 1. Let z(v) = -8*l(v) + 5*n(v). Calculate z(9).
6
Let o(h) = -3*h - 2. Let s = 17 - 34. Let i be (5 + (5 + s)/(-4))/(-2). Determine o(i).
10
Let x(v) = -473 - 482 - 487 - 3*v**2 + 10*v + 1432. Give x(6).
-58
Let n(g) be the third derivative of -g**5/10 + g**4/24 + g**3/6 - 123*g**2. Let i(k) = 19*k**2 - 3*k - 2. Let x(d) = 3*i(d) + 8*n(d). Determine x(-2).
40
Let f(k) = k**3 - 10*k**2 + 17*k + 5. Let q(n) = 2*n**2 - 7*n + 1. Let s(h) = f(h) + 2*q(h). Give s(6).
25
Let l(t) = 18*t - 7. Let m(q) = -19*q + 7. Let z(c) = -4*l(c) - 3*m(c). Let a(p) = -23*p + 11. Let g = -1061 + 1056. Let r(j) = g*a(j) + 8*z(j). What is r(-2)?
11
Suppose -3*f - 66 = -3*d, -2*f - 2*f + 101 = 5*d. Let z(r) = 2*r + 8. Let p(x) = -9*x - 33. Let w(n) = d*z(n) + 5*p(n). What is w(4)?
-9
Let u(m) be the second derivative of m**3/6 + 15*m**2 - 219*m + 1. What is u(-7)?
23
Let c(i) = -i**2 + i. Let r(u) = 6*u**2 + u + 6. Let d(s) = -5*c(s) - r(s). Suppose 3*w = -a + 15, 3*a - 5 = -2*w - 2. Suppose 2*v - v + w = 0. Give d(v).
-6
Let k(a) = a**3 - 2*a**2 - 4*a + 2. Let s(m) = -6*m - 4. Let q be s(-3). Suppose -17*u + q*u = 0. Suppose -f + u*j + 13 = 5*j, 4*j - 14 = -2*f. Determine k(f).
-1
Let x be 6 - 1 - (-15 + 23). Let v(r) be the second derivative of -r**3/3 - 7*r**2/2 - r - 20. Give v(x).
-1
Let v = -15 - -19. Suppose -11*a - v = -26. Let s(l) = l**2 - l + 1. Let i(g) = 8*g**2 - 2*g + 2. Let z(r) = i(r) - 3*s(r). Determine z(a).
21
Let z(a) = -7*a - 4. Let t(c) = c**3 - 14*c**2 + 13*c - 6. Let o(j) = -8*j - 123. Let w be o(-17). Let x be t(w). Determine z(x).
38
Let w(s) be the third derivative of s**4/8 + 7*s**3/6 - s**2 + 11*s - 469. Suppose g + t + 0*t - 11 = 0, 2*t - 14 = -g. Give w(g).
31
Suppose -57*l = -55*l. Let r be 38/14 - ((-6)/21 + l). Let s(u) = -u**3 + 3*u**2 + 2*u - 4. What is s(r)?
2
Let g(j) be the second derivative of 7*j**4/24 - j**3/6 - 15*j**2 - 42*j. Let r(s) be the first derivative of g(s). Give r(1).
6
Let n(m) = -169*m - m**2 + 90*m - 4 + 85*m. Suppose -5*g = -3*d + 40 - 1, d + 4 = -4*g. Let b(q) = q**2 - 6*q - 11. Let u be b(d). What is n(u)?
1
Let y(i) = -12*i + 35. Suppose -k - 6 = -2*t, -22 = -0*k - 5*k - 3*t. What is y(k)?
11
Suppose 3*r + 3 = 15. Let b(a) = -66 + 16 + 4*a + 21 + 19. What is b(r)?
6
Let r(j) = j**3 + 2*j**2 + 0*j**3 - 5*j**2 - 3*j. Suppose 54*v + 1680 = 390*v. Give r(v).
35
Let f = -95 - -259. Let j = 164 - f. Let l(a) = -a**3 + a**2 - a - 3. Give l(j).
-3
Let k be 12 - (45/39 + (-8)/52). Let s(o) = -1 - 3*o + 12*o**3 - k*o**3 + 4 + 1 + 4*o**2. Calculate s(-4).
16
Suppose 368 = 5*n - 4*j + j, 5*j = 5*n - 360. Suppose -8*u + 316 + n = 0. Let p(a) = -u + a**2 + 6*a - 5*a + 55 + 6*a. Determine p(-4).
-6
Let m(j) = 2*j**3 + 4*j**2 + 3*j - 4. Let u be 50/30 + (-24)/9 - (0 - -1). Calculate m(u).
-10
Let t = 25 - 17. Let u(k) = -2*k**2 + 20*k - 26. Let l be u(t). Let m(p) = -3*p + 12. Determine m(l).
-6
Let b(d) = 0*d + d - 5*d**2 - d**3 + 9 - 2 + 3 - 12. Let w(y) = -5*y - 1 - y + 10*y. Let p be w(-1). Calculate b(p).
-7
Let d(c) = 3*c**2 - c + 4. Suppose -4*p - 12 = 4*q, 5*q - 584*p + 580*p = -15. Give d(q).
34
Let f(y) be the second derivative of 17*y**4/12 + 5*y**3/6 + 3*y**2/2 - 1046*y. Determine f(-1).
15
Let g(i) be the second derivative of 1/2*i**2 - 1/3*i**3 + 14*i + 1/12*i**4 + 0. Let k = 67 - 64. What is g(k)?
4
Let g(r) = -6*r + 3*r - r**3 + 1 + 5*r**2 + r**2. Let x be -9 + 29/2 - (7/14 - 1). Determine g(x).
-17
Let d(u) be the third derivative of -u**5/60 - 19*u**4/24 + 13*u**3/2 - 61*u**2 + 23*u. Determine d(-21).
-3
Let i(h) = h**2 + 2*h + 4. Suppose -4*l + 95 + 5 = 0. Suppose 0 = 21*o - l*o + 8. Let u(v) = -3*v + 3. Let d be u(o). Give i(d).
7
Let w = -149 - 255. Let j = -407 - w. Let b(d) = -d + 2 + 0 - 5*d - d**2. Determine b(j).
11
Let l(r) = -14*r + 80. Let f be l(5). Suppose -6*a + 12 = -f*a + q, 5*a + 2*q + 28 = 0. Let k(y) = y + 6. What is k(a)?
2
Suppose 2*s - 3 = -3*r, 3*s = -21*r + 23*r - 15. Let w(z) = -z**3 - 2*z**2 - 10. What is w(s)?
-1
Let z(o) be the third derivative of -7/60*o**5 - 1/120*o**6 + 0*o - 1/2*o**3 + 0*o**4 + 0 + 9*o**2. Let n be z(-7). Let k(b) = -3*b. Calculate k(n).
9
Let x(u) = u**2 - 4*u - 5. Suppose 2*k - 12 = -2*k. Suppose -k*v + 34 = 4*l - v, 4*l = 5*v - 1. Let i be x(l). Let n(q) = q**3 - 6*q**2 - 8*q. What is n(i)?
-7
Suppose 44*d - 47*d = -4*m - 37, -5*d = 3*m + 6. Let b(v) = -6*v + 18. Give b(m).
60
Let x(h) = -h**2 + 10*h - 28. Let k(n) = 36*n + 78. Let r be k(-2). Determine x(r).
-4
Let l(n) be the third derivative of n**5/30 - n**4/24 + 2*n**2. Let c(w) = -3*w**3 + 33*w**2 - 16*w + 178. Let i be c(11). What is l(i)?
6
Let s(r) = 5*r**3 - 10*r**2 - 31*r - 18. Let v(y) = 2*y**3 - 2*y**2 - 10*y - 6. Let x(t) = -3*s(t) + 8*v(t). Calculate x(-13).
6
Let i(j) = 4*j**2 + 20*j + 2. Let r(f) = 5*f**2 + 33*f + 12. Let h be r(-6). Calculate i(h).
26
Let r(n) = -n - 2. Suppose -b = -4*x + 2*x + 3, 2*b - 30 = -5*x. Suppose x*k - 18 = u, 3*k - 5 = -u - 2. Give r(u).
4
Suppose 0 = d + 2*f + 3*f + 4, -d + f - 10 = 0. Let u(p) be the second derivative of p**4/12 + 5*p**3/3 + 2*p**2 - 58*p. Determine u(d).
-5
Let r be 8 - 3 - (-3 - -3). Let k(c) be the first derivative of c**3/3 - 2*c**2 - 5*c + 312. Calculate k(r).
0
Let b(v) = -3*v**2 + 11*v - 2. Let q(m) = -m - m**2 - m**2 - 11*m + 6*m**2 + 3. Let y(p) = -6*b(p) - 5*q(p). Let f be (-2)/((-6)/4 - -2). Calculate y(f).
-11
Suppose 0 = 4*r - 2*q - 2316 + 574, -r = q - 431. Let a = -430 + r. Let h(l) = -2*l - 4. What is h(a)?
-12
Let j(i) = -15*i**2 + 7*i + 2. Let s(d) = 13*d**2 - 4*d - 1. Let p(k) = -5*j(k) - 6*s(k). Determine p(-4).
-8
Suppose 5*g - 67*a = -66*a + 14, -4*g + a + 12 = 0. Let q(d) be the first derivative of -7*d + 1/3*d**3 - g*d**2 - 7. Determine q(5).
-2
Suppose -3 = -9*d + 6. Let p(l) = -5*l**2 - 9*l + 3. Let r(s) = 2*s**2 - 1. Let i(q) = d*p(q) + 3*r(q). What is i(8)?
-8
Let w(d) = -6*d - 118. Let b = 31617 - 31635. What is w(b)?
-10
Let z(j) = 9*j**2 + 20*j - 1027. Let t(d) = -20*d**2 - 41*d + 2314. Let s(g) = 4*t(g) + 9*z(g). Let l = 8 + -23. What is s(l)?
-2
Let v(w) = -181*w + 2357. Let g be v(13). Let y(b) = -3*b**2 + 8*b + 2. Give y(g).
-14
Let p(n) = -43*n**2 - 1246*n + 33. Let w be p(-29). Let m(h) = -h**3 - 1. Let d(o) = 5*o**3 + 3*o**2 + 3*o + 11. Let s(i) = -d(i) - 6*m(i). Give s(w).
-1
Let u(r) = -1661 + 3344 - 1658 - 5*r. Calculate u(7).
-10
Suppose 49*m + 21 + 28 = 0. Let s(k) = 2*k + 2. Let l(r) = -7*r + 16. Let v(f) = m*l(f) - 3*s(f). Determine v(8).
-14
Let w(o) be the third derivative of -3*o**4/4 + 116*o**3/3 - 3254*o**